 + k. Let n = v - -3. What are the prime factors of n?
2
Let y = -52 - -44. What are the prime factors of (-546)/y - 27/(-36)?
3, 23
Let h be -1*(-2)/(-3) + (-174)/9. Let a(c) = -c**3 - 21*c**2 - 23*c - 17. What are the prime factors of a(h)?
43
Suppose 2*x = -5*f + 6, 3 = 2*f - 0*x + x. Suppose f = -12*n + 1716 - 192. List the prime factors of n.
127
Let n(j) = -j**3 - 8*j**2 - 8*j - 10. Let x be n(-7). Let o = x - -8. Suppose -4*y + 3*w = 7, 3*w - 5 = o*y - 0*w. What are the prime factors of y?
2
Let w(o) = -3*o**2 + 4*o**2 + 6*o - o. Let p be (-3)/((-6)/20)*16/(-20). What are the prime factors of w(p)?
2, 3
What are the prime factors of (-1)/(4/(-12)) + (582 - 4)?
7, 83
Suppose -654 = 2*o - 2*t - 2520, -t - 1861 = -2*o. List the prime factors of o.
2, 29
Suppose 2*t + 4*j - 3*j - 8 = 0, 4*t - 5*j = -12. Let p be ((-176)/48 - (1 + -4))*-12. Let l = p - t. List the prime factors of l.
2, 3
Suppose 0 = 3*c - 7*c + 12. Let k be -15*((2 - 3) + 0). Suppose -c*i = -3 - k. What are the prime factors of i?
2, 3
Let l(c) = -2*c. Let d be l(-5). Let t be 18/d - (-8)/40. Suppose 0 = v + t*v - 18. What are the prime factors of v?
2, 3
Suppose 28 - 103 = 5*g. List the prime factors of ((-164)/12)/(5/g).
41
Let w = 2571 + -1730. List the prime factors of w.
29
List the prime factors of (-117)/(-6)*(-370)/(-15).
13, 37
Suppose 3*t - 5*t = 5*w + 127, 5*w + 123 = 2*t. Let x = 48 + w. List the prime factors of x.
23
Let a = -25 - 42. Let z = a - -102. What are the prime factors of z + -1 + 7 + -3?
2, 19
Suppose 3*y + 2*k = -k + 672, -4*y + 3*k + 917 = 0. Let d = -56 + y. What are the prime factors of d?
3, 19
Let g = -22 + 8. Let x = g + 19. Suppose q = x*q - 40. What are the prime factors of q?
2, 5
Suppose -727 = -75*q + 74*q. List the prime factors of q.
727
Suppose 5*r - w = 25, 3*r + 2*w = 2*r + 16. Suppose r*c - 86 = 40. List the prime factors of c.
3, 7
Suppose 4*n - 73 = n + 5*z, 0 = n + z - 11. Let o = 78 - n. List the prime factors of o.
2, 31
Let u be (3/(6/8))/4. Let a(z) = 41*z**2 - z - 2. List the prime factors of a(u).
2, 19
Let v(i) = 2*i**2 - 17*i - 10. Let s be 2266/176 - 2/(-16). Let b be v(s). Suppose b = a - 5*j, -3*j = -a - a + 179. List the prime factors of a.
2, 41
Let v be (-3)/((-12)/(4/1)). What are the prime factors of v*2*(-2 + 7)?
2, 5
Suppose 5*k + 5*f + 490 = 0, 0 = -f + 6*f - 5. Let h = k + 28. Let c = 111 + h. What are the prime factors of c?
2, 5
Let c(j) = 14*j - 34*j - 6 - 31 - j. List the prime factors of c(-8).
131
Let s be 15 + -1 - 3/1. Suppose -s*m = -12*m. Suppose -2*b + 26 + 36 = m. What are the prime factors of b?
31
Suppose 0 = v - 3, -5*v = 2*j - 42 - 25. Suppose -j + 38 = 2*y. What are the prime factors of y?
2, 3
Let n(k) = -k**2 + 15*k + 17. Suppose 3*l = -3*s + 144, -s = -6*l + 3*l - 60. Suppose -5*t + s = -t + 5*z, -2*t = -2*z - 30. List the prime factors of n(t).
31
Let q(l) be the first derivative of l**3/3 - 13*l**2/2 - 10*l - 5. Let v be q(11). Let j = v - -54. What are the prime factors of j?
2, 11
Let d(l) = 2*l**2 + 7*l - 4. Let k(h) = h. Let o be k(3). Let y(w) = -w**3 + w**2 + 5*w - 3. Let j be y(o). What are the prime factors of d(j)?
2, 13
Suppose 4*s - 18 + 2 = 0. Suppose -3*d + 21 = -2*u + 218, 418 = s*u + 2*d. What are the prime factors of u?
103
Suppose 3*u = -2*b + 948, -3*u + 1166 = -5*b + 239. List the prime factors of u.
2, 157
Let n = -252 - -436. Let b = 299 - n. Suppose 0 = -4*u + 355 - b. What are the prime factors of u?
2, 3, 5
Suppose 0 = -4*h + 2*o + 6636, -7*h + 6660 = -3*h + 4*o. What are the prime factors of h?
11, 151
List the prime factors of -1*(-4574 - -5*(-35)/25).
3, 509
Let b = 247 + 334. List the prime factors of b.
7, 83
Suppose -668 = -2*z + 7*d - 11*d, -2*z + 660 = 2*d. List the prime factors of z.
2, 163
Let g be ((-6)/4)/((-3)/4). Let j = -60 - -72. Suppose 0*l - j = -g*l. List the prime factors of l.
2, 3
Suppose -82420 = 4*f - 69*f. What are the prime factors of f?
2, 317
Suppose -3*w + 178 + 1253 = 0. List the prime factors of w.
3, 53
Let d = 1562 + 667. List the prime factors of d.
3, 743
Suppose 6 = 5*x - 4. Let f(p) = p**3 - p + 9*p**x - 14 - 3*p**2 + p**2. List the prime factors of f(-6).
2, 7
Let l(f) = -12*f. Let w(z) = z. Let u(d) = -l(d) - 20*w(d). Let h be 10/(-4)*(-6)/(-5). What are the prime factors of u(h)?
2, 3
Suppose 4*p + 5*g = 25, -6*p + 17 = -2*p - 3*g. What are the prime factors of 6/(-30) - (-91)/p?
2, 3
Suppose 9*f - 3 - 33 = 0. Suppose 4*k = 20, -f*y + 4*k + 175 = -k. List the prime factors of y.
2, 5
Let w(f) = 59*f**3 + 2*f**2 - 2*f + 6. List the prime factors of w(2).
2, 241
Let t = 123 + 191. Let l = 443 - t. What are the prime factors of l?
3, 43
Let p be -1*(6 - 1)*(-8)/10. Suppose 9*a = p*a + 470. What are the prime factors of a?
2, 47
Suppose -5*r - 50*t + 4845 = -45*t, -4*t - 979 = -r. What are the prime factors of r?
971
Suppose 4*w = 9*w - 30. Let x be (w/(-2) - -5) + 2. Suppose i - 2*r - x = 0, r + 20 = -i + 3*i. List the prime factors of i.
2, 3
Let c(n) = -n**3 + 21*n**2 - 30*n. List the prime factors of c(15).
2, 3, 5
Let m = -350 - -374. What are the prime factors of m?
2, 3
Let d(y) = -78*y - 28. Let a be d(-6). Suppose m - 96 = 2*r - 3*r, -5*r = -5*m - a. What are the prime factors of r?
2, 23
Suppose o + m = 0, 3 = m - 0. Let j be 59 - (-3 + 3 + o). Let x = -38 + j. List the prime factors of x.
2, 3
Suppose 0 = 4*m - 2*h - 12050, -m + 3*h - 2*h = -3011. What are the prime factors of m?
2, 11, 137
Suppose -17*s + 33642 + 28323 = 0. List the prime factors of s.
3, 5
Let z = 671 - 646. List the prime factors of z.
5
Let w = 515 + -80. Let b = w + -280. List the prime factors of b.
5, 31
Let r be (2/9)/(4/36). Suppose 10*d - 115 = 5*d + 5*n, -n = -r. List the prime factors of d.
5
Suppose -19*k + 29858 - 4645 = 0. List the prime factors of k.
1327
Suppose -2*b = -452 - 238. List the prime factors of b.
3, 5, 23
List the prime factors of 3/15*5 + (2 - -3).
2, 3
Let x be ((-20)/25)/(1/(-10)). Let u = x + 0. What are the prime factors of 11/2 + 4/u?
2, 3
Let x(i) = 2*i**2 + 44*i - 27. Let h(b) = -3*b**2 + 5*b + 4. Let w be h(4). List the prime factors of x(w).
3, 23
Let r = 94 - 18. Suppose -y - 10 = -3*l, 4*l - y - 10 = 2*y. Suppose 5*u + r = l*i, 3*u - 6 = 6. List the prime factors of i.
2, 3
Suppose 783 = 9*g + 63. List the prime factors of g.
2, 5
Let s = -33 + 37. What are the prime factors of (-1 - -32 - 2) + s?
3, 11
Let n(w) = 5*w - 16. Let s be n(4). Suppose -215 = -s*k + 4*i + 37, -i = -4*k + 255. What are the prime factors of k?
2
Suppose -2*q + 9*q = -175. Let r = -20 - q. List the prime factors of r.
5
Let o(x) = x + 1. Let n be o(7). List the prime factors of n/(0 + (-3)/(-6)).
2
Let l(g) = -6*g + 2. Let s be l(-3). Suppose -r = i - 11, -4*r = -0*i - 4*i - s. What are the prime factors of r?
2
Let i(w) = 21*w**2 + 2*w - 2. Let u be i(3). Let t = -122 + u. Suppose 164 + t = 5*o. What are the prime factors of o?
47
Let d = -88 + 90. Suppose 231 = 5*y - 5*k - 414, -d*y = 3*k - 273. List the prime factors of y.
2, 3, 11
Let a = 75 - -2. Let z = 7 + a. Suppose -5*x = j - 16, 2*j + 3*x = -j + z. What are the prime factors of j?
31
What are the prime factors of 9/(-12)*-1*404?
3, 101
Suppose 0 = p - 3*o - 18, 4*p - o = 16 + 1. What are the prime factors of (p*-193)/(-3) + 11 + -7?
197
Let a(l) = -2*l - 3. Let p be a(-2). Let d(x) = -4*x**3 + x**2 + x - 1. Let k be d(p). What are the prime factors of (-2)/(-4)*(k - -25)?
11
Let v(p) = 3*p**3 + 50*p**2 + 2*p + 5. List the prime factors of v(-14).
3, 5, 103
Suppose -38*w + 64*w = 97370. What are the prime factors of w?
5, 7, 107
Let p be -2*1*22/(-11). Suppose 10*h = p*h + 690. What are the prime factors of h?
5, 23
List the prime factors of (0 - -1)/((-25)/(-15300)).
2, 3, 17
Suppose -9*q = 3*q - 1308. Let v = 290 - q. List the prime factors of v.
181
List the prime factors of 30/36 + (-3005)/(-30).
101
Let y(c) = 10*c**2 + c + 62. What are the prime factors of y(-13)?
37, 47
Let k(x) = 2*x + 2. Let u be k(0). Let r be u/13 + (-6174)/(-91). Let l = r + -2. What are the prime factors of l?
2, 3, 11
Let m(q) = q**2 - 6*q - 19. Let x be m(-13). What are the prime factors of ((-4)/3)/((-4)/x)?
2, 19
Suppose 47*z - 3*a + 3867 = 50*z, 5*a = -z + 1281. List the prime factors o